r of 130 and 4.
2
Calculate the greatest common divisor of 3293 and 89.
89
What is the greatest common divisor of 136 and 85?
17
What is the greatest common divisor of 185 and 20?
5
What is the highest common factor of 1118 and 344?
86
What is the greatest common divisor of 11070 and 205?
205
Calculate the highest common factor of 36 and 13668.
12
Calculate the highest common factor of 405 and 207.
9
Calculate the highest common divisor of 124 and 100.
4
What is the greatest common divisor of 38 and 513?
19
Calculate the highest common divisor of 14 and 707.
7
What is the greatest common factor of 30 and 1570?
10
Calculate the greatest common divisor of 28 and 574.
14
Calculate the highest common factor of 264 and 12.
12
What is the highest common divisor of 216 and 99?
9
What is the highest common factor of 11142 and 54?
18
What is the greatest common factor of 66 and 12694?
22
Calculate the highest common factor of 270 and 3888.
54
Calculate the highest common factor of 10688 and 256.
64
Calculate the highest common factor of 41 and 164.
41
Calculate the greatest common divisor of 2025 and 375.
75
Calculate the highest common divisor of 1298 and 22.
22
Calculate the greatest common factor of 976 and 2.
2
What is the highest common divisor of 417 and 33?
3
What is the greatest common divisor of 297 and 54?
27
Calculate the highest common divisor of 375 and 165.
15
What is the highest common factor of 360 and 15?
15
Calculate the highest common factor of 1175 and 94.
47
What is the highest common divisor of 14 and 2534?
14
What is the highest common divisor of 130 and 4?
2
What is the highest common factor of 1690 and 650?
130
Calculate the highest common factor of 1638 and 36.
18
Calculate the highest common divisor of 381 and 2794.
127
What is the highest common factor of 882 and 7?
7
What is the highest common factor of 38 and 741?
19
Calculate the greatest common divisor of 13 and 18629.
13
Calculate the greatest common factor of 763 and 28.
7
Calculate the highest common factor of 20 and 860.
20
What is the highest common factor of 4 and 3476?
4
What is the greatest common factor of 144 and 120?
24
What is the highest common factor of 2049 and 12?
3
What is the greatest common factor of 6347 and 44?
11
What is the greatest common divisor of 783 and 297?
27
What is the greatest common factor of 42 and 777?
21
What is the highest common divisor of 2312 and 8?
8
Calculate the greatest common divisor of 153 and 289.
17
What is the greatest common factor of 1406 and 148?
74
Calculate the highest common factor of 32 and 136.
8
What is the greatest common factor of 172 and 43?
43
Calculate the greatest common divisor of 72 and 2151.
9
Calculate the greatest common divisor of 570 and 30.
30
Calculate the greatest common divisor of 25 and 7200.
25
What is the highest common divisor of 74 and 74?
74
Calculate the greatest common factor of 476 and 84.
28
Calculate the greatest common factor of 1024 and 248.
8
What is the highest common factor of 365 and 146?
73
Calculate the highest common factor of 12 and 8004.
12
Calculate the greatest common divisor of 54 and 108.
54
What is the highest common factor of 2680 and 40?
40
Calculate the greatest common divisor of 2907 and 4275.
171
Calculate the highest common divisor of 1025 and 15.
5
Calculate the greatest common factor of 172 and 21629.
43
What is the greatest common factor of 146 and 73?
73
What is the highest common divisor of 488 and 122?
122
What is the highest common divisor of 96 and 736?
32
Calculate the highest common divisor of 177 and 59.
59
What is the highest common factor of 357 and 34?
17
What is the greatest common divisor of 43501 and 41?
41
What is the greatest common factor of 798 and 2166?
114
Calculate the highest common divisor of 46 and 5566.
46
What is the greatest common factor of 438 and 3?
3
Calculate the highest common factor of 115 and 9545.
115
Calculate the highest common factor of 368 and 24.
8
Calculate the greatest common divisor of 72 and 468.
36
What is the highest common divisor of 352 and 800?
32
What is the highest common factor of 156 and 364?
52
Calculate the greatest common divisor of 240 and 96.
48
What is the highest common factor of 321 and 107?
107
What is the highest common divisor of 119 and 21?
7
Calculate the highest common divisor of 459 and 18.
9
What is the greatest common factor of 12 and 516?
12
Calculate the highest common divisor of 1488 and 80.
16
What is the greatest common factor of 3724 and 833?
49
What is the highest common divisor of 25998 and 126?
42
Calculate the highest common divisor of 57 and 14003.
19
What is the highest common factor of 825 and 11?
11
What is the highest common factor of 143 and 286?
143
What is the greatest common divisor of 74 and 2997?
37
Calculate the highest common factor of 2 and 86.
2
What is the highest common factor of 123 and 1599?
123
Calculate the greatest common divisor of 6 and 42.
6
What is the highest common divisor of 12972 and 1380?
276
What is the highest common divisor of 1034 and 141?
47
What is the greatest common factor of 35 and 77?
7
What is the greatest common factor of 7 and 3703?
7
What is the greatest common factor of 105 and 280?
35
What is the greatest common factor of 34 and 153?
17
Calculate the highest common factor of 594 and 2322.
54
Calculate the highest common factor of 1107 and 984.
123
What is the greatest common divisor of 4964 and 204?
68
What is the highest common factor of 1314 and 36?
18
What is the greatest common divisor of 26 and 767?
13
What is the highest common divisor of 70 and 3130?
10
Calculate the highest common divisor of 413 and 14.
7
What is the highest common divisor of 1150 and 46?
46
Calculate the greatest common divisor of 231 and 2100.
21
Calculate the highest common divisor of 275 and 2057.
11
Calculate the highest common factor of 177 and 12.
3
What is the highest common factor of 3680 and 69?
23
What is the greatest common divisor of 855 and 135?
45
What is the highest common divisor of 1748 and 1196?
92
Calculate the highest common factor of 8 and 648.
8
What is the greatest common factor of 3289 and 23?
23
Calculate the greatest common divisor of 1080 and 240.
120
What is the highest common divisor of 120 and 135?
15
Calculate the highest common divisor of 70 and 10.
10
Calculate the highest common divisor of 420 and 2436.
84
Calculate the highest common divisor of 1463 and 814.
11
Calculate the greatest common factor of 90 and 50.
10
What is the greatest common factor of 90 and 144?
18
Calculate the highest common divisor of 72 and 88.
8
Calculate the greatest common divisor of 20 and 980.
20
What is the greatest common divisor of 160 and 1880?
40
Calculate the highest common divisor of 2465 and 85.
85
Calculate the greatest common divisor of 36 and 960.
12
Calculate the highest common divisor of 18 and 32.
2
What is the highest common divisor of 833 and 49?
49
Calculate the highest common factor of 17 and 2193.
17
Calculate the highest common factor of 27 and 621.
27
What is the highest common divisor of 63 and 1071?
63
What is the highest common factor of 1405 and 1967?
281
What is the highest common factor of 630 and 21?
21
What is the highest common factor of 42 and 12?
6
What is the greatest common factor of 17878 and 14?
14
Calculate the greatest common divisor of 17625 and 940.
235
What is the greatest common divisor of 82 and 1558?
82
What is the highest common divisor of 7550 and 2718?
302
What is the highest common divisor of 605 and 55?
55
Calculate the highest common factor of 159 and 53.
53
Calculate the highest common factor of 344 and 43.
43
What is the greatest common divisor of 1508 and 580?
116
Calculate the highest common factor of 72 and 11544.
24
Calculate the greatest common divisor of 203 and 667.
29
Calculate the greatest common factor of 135 and 240.
15
What is the greatest common divisor of 66 and 1914?
66
What is the greatest common factor of 240 and 312?
24
Calculate the greatest common factor of 480 and 30.
30
What is the greatest common divisor of 3355 and 1210?
55
What is the greatest common divisor of 4 and 12?
4
What is the greatest common factor of 8041 and 43?
43
What is the greatest common divisor of 108 